{"id":98,"date":"2022-08-25T10:26:41","date_gmt":"2022-08-25T08:26:41","guid":{"rendered":"http:\/\/brunomursic.fr\/?page_id=98"},"modified":"2022-12-22T18:28:16","modified_gmt":"2022-12-22T17:28:16","slug":"brassens-un-ptit-coin-de-paradis","status":"publish","type":"page","link":"https:\/\/brunomursic.fr\/index.php\/brassens-un-ptit-coin-de-paradis\/","title":{"rendered":"Brassens \u00ab\u00a0Un p&rsquo;tit coin de Paradis\u00a0\u00bb"},"content":{"rendered":"\n<figure class=\"wp-block-image size-large\"><img loading=\"lazy\" decoding=\"async\" width=\"1024\" height=\"719\" src=\"http:\/\/brunomursic.fr\/wp-content\/uploads\/2022\/06\/Brassens-photo-1024x719.png\" alt=\"\" class=\"wp-image-39\" srcset=\"https:\/\/brunomursic.fr\/wp-content\/uploads\/2022\/06\/Brassens-photo-1024x719.png 1024w, https:\/\/brunomursic.fr\/wp-content\/uploads\/2022\/06\/Brassens-photo-300x211.png 300w, https:\/\/brunomursic.fr\/wp-content\/uploads\/2022\/06\/Brassens-photo-768x539.png 768w, https:\/\/brunomursic.fr\/wp-content\/uploads\/2022\/06\/Brassens-photo-1536x1078.png 1536w, https:\/\/brunomursic.fr\/wp-content\/uploads\/2022\/06\/Brassens-photo-2048x1437.png 2048w, https:\/\/brunomursic.fr\/wp-content\/uploads\/2022\/06\/Brassens-photo-1568x1100.png 1568w\" sizes=\"auto, (max-width: 1024px) 100vw, 1024px\" \/><\/figure>\n\n\n\n<p>\u00ab&nbsp;Chansons revisit\u00e9es&nbsp;\u00bb<\/p>\n\n\n\n<p><strong>Un p\u2019tit coin de paradis<\/strong><\/p>\n\n\n\n<p>Georges BRASSENS aurait eu cent ans en 2021, et plus de quarante ans apr\u00e8s sa disparition, ses chansons sont non seulement toujours pr\u00e9sentes dans nos m\u00e9moires, mais les sujets abord\u00e9s toujours d\u2019actualit\u00e9.<\/p>\n\n\n\n<p>La grande richesse po\u00e9tique de ses textes et l\u2019incroyable qualit\u00e9 de ses musiques continuent d\u2019inspirer les musiciens d\u2019aujourd\u2019hui.<\/p>\n\n\n\n<p>Bruno MURSIC et ses amis chanteurs et musiciens se sont empar\u00e9s d\u2019une bonne trentaine de chansons de Brassens pour les revisiter, les arranger, les remanier en leur changeant souvent leur couleur musicale (emprunts au jazz, \u00e0 la bossa-nova, au reggae, au picking, au blues\u2026) ou en les r\u00e9interpr\u00e9tant dans des versions plus proches des originales.&nbsp;&nbsp;<\/p>\n\n\n\n<p>&nbsp;&nbsp;Certaines versions instrumentales jou\u00e9es par l\u2019ensemble de guitares mettent en valeur la grande musicalit\u00e9 du po\u00e8te.<\/p>\n\n\n\n<p>Voil\u00e0 une belle occasion de red\u00e9couvrir ou d\u00e9couvrir l\u2019univers de Georges Brassens.<\/p>\n\n\n\n<p>Spectacle &#8211; Cr\u00e9ation de&nbsp;&nbsp;<strong>Bruno Mursic<\/strong>&nbsp;(chant, guitares et arrangements) avec Jean Jacques Lamour (chant et guitare), Laurent Fabryczny (contrebasse) et le quintet Opale Guitares.<\/p>\n\n\n\n<p>Ce spectacle b\u00e9n\u00e9ficie de l&rsquo;Aide \u00e0 la Diffusion du d\u00e9partement du Pas-de-Calais.<\/p>\n\n\n\n<p>CD disponibles:<\/p>\n\n\n\n<p>Bruno Mursic joue Brassens<\/p>\n\n\n\n<figure class=\"wp-block-image size-large\"><a href=\"http:\/\/brunomursic.fr\/index.php\/boutique\/\"><img loading=\"lazy\" decoding=\"async\" width=\"1024\" height=\"949\" src=\"http:\/\/brunomursic.fr\/wp-content\/uploads\/2022\/08\/Capture-decran-2022-08-25-a-22.10.50-1024x949.png\" alt=\"\" class=\"wp-image-234\" srcset=\"https:\/\/brunomursic.fr\/wp-content\/uploads\/2022\/08\/Capture-decran-2022-08-25-a-22.10.50-1024x949.png 1024w, https:\/\/brunomursic.fr\/wp-content\/uploads\/2022\/08\/Capture-decran-2022-08-25-a-22.10.50-300x278.png 300w, https:\/\/brunomursic.fr\/wp-content\/uploads\/2022\/08\/Capture-decran-2022-08-25-a-22.10.50-768x712.png 768w, https:\/\/brunomursic.fr\/wp-content\/uploads\/2022\/08\/Capture-decran-2022-08-25-a-22.10.50-1536x1424.png 1536w, https:\/\/brunomursic.fr\/wp-content\/uploads\/2022\/08\/Capture-decran-2022-08-25-a-22.10.50-1568x1454.png 1568w, https:\/\/brunomursic.fr\/wp-content\/uploads\/2022\/08\/Capture-decran-2022-08-25-a-22.10.50.png 1592w\" sizes=\"auto, (max-width: 1024px) 100vw, 1024px\" \/><\/a><\/figure>\n\n\n\n<p>Bruno Mursic chante Brassens<\/p>\n\n\n\n<figure class=\"wp-block-image size-large\"><a href=\"http:\/\/brunomursic.fr\/index.php\/boutique\/\"><img loading=\"lazy\" decoding=\"async\" width=\"1024\" height=\"925\" src=\"http:\/\/brunomursic.fr\/wp-content\/uploads\/2022\/08\/Capture-decran-2022-08-26-a-08.27.16-1024x925.png\" alt=\"\" class=\"wp-image-248\" srcset=\"https:\/\/brunomursic.fr\/wp-content\/uploads\/2022\/08\/Capture-decran-2022-08-26-a-08.27.16-1024x925.png 1024w, https:\/\/brunomursic.fr\/wp-content\/uploads\/2022\/08\/Capture-decran-2022-08-26-a-08.27.16-300x271.png 300w, https:\/\/brunomursic.fr\/wp-content\/uploads\/2022\/08\/Capture-decran-2022-08-26-a-08.27.16-768x694.png 768w, https:\/\/brunomursic.fr\/wp-content\/uploads\/2022\/08\/Capture-decran-2022-08-26-a-08.27.16.png 1388w\" sizes=\"auto, (max-width: 1024px) 100vw, 1024px\" \/><\/a><\/figure>\n\n\n\n<p>Prochains concerts \u00ab\u00a0Brassens\u00a0\u00bb:<\/p>\n\n\n\n<p>11 mars 2023 \u00e0 Ferques (62)<\/p>\n\n\n\n<p>7 avril 2023 \u00e0 Hesdin-Labb\u00e9 (62)<\/p>\n","protected":false},"excerpt":{"rendered":"<p>\u00ab&nbsp;Chansons revisit\u00e9es&nbsp;\u00bb Un p\u2019tit coin de paradis Georges BRASSENS aurait eu cent ans en 2021, et plus de quarante ans apr\u00e8s sa disparition, ses chansons sont non seulement toujours pr\u00e9sentes dans nos m\u00e9moires, mais les sujets abord\u00e9s toujours d\u2019actualit\u00e9. La grande richesse po\u00e9tique de ses textes et l\u2019incroyable qualit\u00e9 de ses musiques continuent d\u2019inspirer les&hellip; <a class=\"more-link\" href=\"https:\/\/brunomursic.fr\/index.php\/brassens-un-ptit-coin-de-paradis\/\">Poursuivre la lecture <span class=\"screen-reader-text\">Brassens \u00ab\u00a0Un p&rsquo;tit coin de Paradis\u00a0\u00bb<\/span><\/a><\/p>\n","protected":false},"author":1,"featured_media":0,"parent":0,"menu_order":0,"comment_status":"closed","ping_status":"closed","template":"","meta":{"footnotes":""},"class_list":["post-98","page","type-page","status-publish","hentry","entry"],"_links":{"self":[{"href":"https:\/\/brunomursic.fr\/index.php\/wp-json\/wp\/v2\/pages\/98","targetHints":{"allow":["GET"]}}],"collection":[{"href":"https:\/\/brunomursic.fr\/index.php\/wp-json\/wp\/v2\/pages"}],"about":[{"href":"https:\/\/brunomursic.fr\/index.php\/wp-json\/wp\/v2\/types\/page"}],"author":[{"embeddable":true,"href":"https:\/\/brunomursic.fr\/index.php\/wp-json\/wp\/v2\/users\/1"}],"replies":[{"embeddable":true,"href":"https:\/\/brunomursic.fr\/index.php\/wp-json\/wp\/v2\/comments?post=98"}],"version-history":[{"count":9,"href":"https:\/\/brunomursic.fr\/index.php\/wp-json\/wp\/v2\/pages\/98\/revisions"}],"predecessor-version":[{"id":296,"href":"https:\/\/brunomursic.fr\/index.php\/wp-json\/wp\/v2\/pages\/98\/revisions\/296"}],"wp:attachment":[{"href":"https:\/\/brunomursic.fr\/index.php\/wp-json\/wp\/v2\/media?parent=98"}],"curies":[{"name":"wp","href":"https:\/\/api.w.org\/{rel}","templated":true}]}}